5 - 26. Suppose g*n = 7*n - 12. Let z(o) = o + 3. Give z(n).
6
Let p(i) = i + 6. Let u = 1034 - 1028. Give p(u).
12
Let r(z) = -z**2 - z - 7. Let d(c) = -c**3 + 15*c**2 - 10*c - 32. Let v be d(14). Let w = 24 - v. What is r(w)?
-7
Let y(u) = 7 - 19 - u + 6 + 10. Let k be ((-2)/(-4))/((-2)/16). What is y(k)?
8
Let i(l) be the first derivative of -l + 49 + 3/2*l**2 + 1/3*l**3. What is i(-5)?
9
Suppose 0 = -2*b - 3*d - 7, -d = 3*b - 0*b - 7. Suppose 0*w = b*w. Suppose 2*i + 0 - 8 = w. Let g(p) = p**2 - p - 4. Determine g(i).
8
Let o(d) be the first derivative of -d**5/20 - d**4/3 - d**3/6 + d**2 - 5*d - 5. Let n(k) be the first derivative of o(k). Determine n(-4).
6
Let k(q) = -q**3 - q**2 + 2*q + 1. Let l(s) = 23*s**3 + 5*s**2 - 12*s - 6. Let z(p) = 6*k(p) + l(p). Give z(1).
16
Let z(h) be the third derivative of h**5/60 + h**4/12 + h**3/3 - h**2. Let c(k) = k**3 - 11*k**2 + 3*k - 35. Let v be c(11). Determine z(v).
2
Suppose -3*o + 0*o = -0*o. Let m(a) = a**3 + 21 + a + 0*a - 20. Calculate m(o).
1
Let u(t) = -t - 6. Let z(x) = -x - 5. Let r(s) = -4*u(s) + 5*z(s). Suppose -3*i - 3*d + 6 = 0, -i - d + 2 = 4*d. Suppose i - 22 = -4*y. Calculate r(y).
-6
Let c be ((-1)/3)/((-2)/24). Let z(n) = n + c*n - 4*n - 7. Suppose 0*s - 19 = -s + 4*u, -5*s = -4*u - 47. Determine z(s).
0
Let v(h) = -h**3 + 3*h**2 - 8*h + 3. Let r(u) = 2*u**3 - 4*u**2 + 12*u - 5. Let n(o) = 3*r(o) + 5*v(o). What is n(-4)?
0
Let w(k) = k**3 - 5*k**2 - 6*k + 2. Let l(s) = 2*s - 27. Let q(v) = -v. Let z(g) = l(g) - q(g). Let o be z(11). Calculate w(o).
2
Let j(h) = h**3 - 5*h**2 + 4*h + 1. Suppose -3*i - 2*b = -64, 0 = i - 4*b + 2. Let y be (16/24)/(3/i). Let g = y + 0. Determine j(g).
1
Let y(h) be the first derivative of -h**2/2 + 9*h + 82. Let j(x) = x**2 - 10*x + 1. Let n be j(11). Determine y(n).
-3
Let r(d) = -d**3 - 5*d**2 - 4*d - 5. Let p = -33 - -47. Suppose -p = 2*i + q - 4, -4*q = -i + 4. Give r(i).
-5
Let d(p) = 6*p + 4. Let a = -230 + 233. Determine d(a).
22
Let y(v) = v**3 - v**2 - 3. Let w be y(0). Let n(f) = -13*f**2 - 12*f + 1. Let x(z) = 18*z**2 + 16*z - 1. Let r(c) = 3*n(c) + 2*x(c). Give r(w).
-14
Let x(t) = t**3 + 5*t**2 - 7*t - 9. Let y(w) = -w**3 - 12*w**2 + 17*w + 46. Let d be y(-13). Give x(d).
-3
Suppose 30*s - 156 = -6. Let q(w) = 11*w + 4. What is q(s)?
59
Let k(w) be the second derivative of 0 + 8*w - 3*w**2 + 1/3*w**3. What is k(5)?
4
Let m be 3 - 0 - (-5 - -5). Let h(g) = -2 + g**m - 4*g**2 + 7*g**2 - 2*g - 2*g**3. What is h(3)?
-8
Let u be 3/6 + (-6)/(-4). Let o(l) = l**3 - 3*l**2 - 2*l - 8. Let h be o(4). Let v(x) = h + 1 + 0*x - 2 - x. Determine v(u).
-3
Suppose -g = 3*b - 19, 0 = 3*g - b - 0*b - 17. Let o(x) = x**2 + 26*x - 12*x + 8 + 0*x**2 - g*x. Calculate o(-6).
2
Let z(f) = 4 - 15 + 22*f**2 - f + 9. Determine z(-1).
21
Let h(q) = -8*q + 5*q - 3*q. Determine h(-2).
12
Let r be 3 + (-4 - -2)/2. Let u(g) = -r*g**2 + 4 + g**2 + 0*g + 0*g. Give u(3).
-5
Let n(f) = 561*f + 1 - 281*f - 281*f. Let l be 3/(-2*(-3)/12). Calculate n(l).
-5
Let o(z) be the third derivative of -7/24*z**4 + 0 - 1/60*z**5 - z**3 + 2*z**2 + 0*z. Let f be (-1)/(-2)*(-19)/((-152)/(-80)). Determine o(f).
4
Let w(z) be the third derivative of z**4/4 + z**3/6 + z**2. Let s be 10*((-6)/(-5))/3. Suppose 0 = -8*k + s*k - 4. Give w(k).
-5
Let r(t) = -33*t + 10*t + 10*t + 15*t - 9 + 50. What is r(0)?
41
Let z be 3 + (-111)/(-9)*(-1 - -4). Suppose -11*c = -c - z. Let d(q) = q**3 - 7 - 3*q**2 - 3*q + 2 + 0. Calculate d(c).
-1
Suppose -3*s + 8*s + 8 = -2*l, 2*s + 26 = 3*l. Let u be (l + -9)/(3/5). Let g(j) = -j**2 - 6*j + 7. Determine g(u).
12
Let j(i) = -4*i**3 + 2*i**2 + i + 4. Suppose -5*q + 30 = -4*r - 7, -2*q = 4*r + 2. Let v(l) = -3*l**3 + 3*l**2 + 3. Let t(z) = r*v(z) + 2*j(z). Give t(4).
-9
Let b(u) = 14*u + 6. Let n(t) = -t**2 + t + 2. Let m(j) = b(j) - n(j). Give m(-12).
-8
Suppose 4*t + 2*b - 22 = 0, 3*t + 3 - 7 = b. Let j(o) = 1 + o - 7 - t*o. Calculate j(-7).
8
Let v(a) = 2*a + 3. Suppose 0 = j - 4*d - 15, d + 4*d + 24 = 2*j. Let f be 9/21 - (31/j)/1. What is v(f)?
-5
Let k = 838 - 848. Let w(n) = -n**2 - 8*n - 22. Calculate w(k).
-42
Let v(t) be the first derivative of -3*t**2 + t + 1. Let d(x) = x**3 + 2*x**2 - 5*x - 3. Let r be d(-3). Determine v(r).
-17
Let n = 8 + -6. Suppose 4*f = -0*f - v + 3, -4*f + 3*v = -23. Let x(j) = 4*j - 2 - 4*j + 3*j**3 + j + 0*j**f - 3*j**2. What is x(n)?
12
Let u be 2/5 - (-65)/25. Suppose 0 = -2*q + 3*c + 15, q - 27 = -4*q - u*c. Suppose 3*h = -0*h + q. Let x(z) = 2*z**3 - z**2 - z. Give x(h).
10
Let s(i) = i**3 + 7*i**2 + 5*i - 5. Let b be s(-6). Suppose -10*t + b + 29 = 0. Let w(j) = j - 7. Determine w(t).
-4
Suppose 0*g - 4*q = 4*g - 44, 44 = 4*g + 2*q. Let f(t) = -g*t + 7 + 7*t - 1 + 3*t. Determine f(-6).
12
Let f(l) be the third derivative of -l**5/60 - l**4/8 + l**3/3 + l**2. Let p(a) = -a**3 + 20*a**2 - 16*a - 61. Let s be p(19). What is f(s)?
-2
Suppose -8*r + 259 - 195 = 0. Let q(v) = v - 1. Calculate q(r).
7
Suppose 0 = 3*h - 18 + 9. Let k be (4/(-5))/((12/(-40))/h). Let m(t) = -t**3 + 9*t**2 - 9*t + 10. Determine m(k).
2
Let s(z) = 3*z**2 - 5*z + 2. Let g be s(2). Let p(o) = -17 - 8*o**2 - 7*o + o**3 - o + g + o. What is p(9)?
5
Suppose 3*d - 8 = 7. Suppose -y = 3*i + 37 - 2, 5*i - d*y = -65. Let l be 1/((-2)/(i/(-2))). Let h(z) = -z**3 - 5*z**2 - 2*z + 1. What is h(l)?
-11
Let a(q) = -3308*q**3 - 5*q**2 - 5*q + 1 + 3309*q**3 + 3 - 3. Give a(6).
7
Let x(g) = -2*g**3 + 2*g**2 - 2*g + 3. Let i(y) = 3*y - y - 37 + 2*y - 17. Let m be i(14). Determine x(m).
-9
Let f(m) = -m + 1. Let b be -4 - -6*(-1)/(-1). Suppose -3*r + 2*l = -2*l + 13, b*l = -2*r + 10. Determine f(r).
0
Let v = 28 - 27. Let j(i) = 15*i**2. Let l be j(1). Let o(s) = 3 + 14*s**2 - l*s**2 - 2. Calculate o(v).
0
Let h(t) = t + 0*t - 7*t - 17 + 0*t + 0*t. Calculate h(-5).
13
Let l = -8 - -10. Let z(h) = -h**l - 2*h + h + 3 + 4 - 6. Let o = 71 + -68. Calculate z(o).
-11
Suppose 5*u = 4*a + 6, -10*u + 2 = -9*u - a. Let p(z) = -4*z + 1. Calculate p(u).
9
Let y(x) = -x**3 - x**2 + x. Let a(p) = -6*p**3 - 8*p**2 + 9*p + 10. Let m(g) = -a(g) + 5*y(g). Calculate m(-4).
-10
Suppose 4*z - 17 = -o, 4 = -2*z + 5*o + 7. Let f(a) = -9*a**2 + 45*a + 30. Let g(u) = -5*u**2 + 25*u + 16. Let v(q) = -6*f(q) + 11*g(q). Give v(z).
0
Suppose 3*b = 7*b - 8. Let i = -1 + b. Let s(m) = 7*m**2 - 2*m + 1. Calculate s(i).
6
Let x(y) = 6*y**2 - 18*y + 7. Let r(k) = 7*k**2 - 18*k + 6. Let g(b) = -4*r(b) + 5*x(b). Determine g(8).
-5
Let j(m) = m + 1. Let k be j(-1). Let c = k - 5. Let y(w) = 1 - 5*w + w**3 + 4*w**2 + 0*w**3 + 4 - 3. Determine y(c).
2
Let v(z) = 3*z + 932 - 466 - 469. Determine v(4).
9
Suppose -5*c - 14 = -x, 0 = 3*x - 3*c - 2*c - 2. Let v(a) = -2*a**2 - 3. Calculate v(x).
-75
Let h(a) = -14*a + 33*a - 22*a - 4. What is h(-3)?
5
Suppose -3*t = t - 8. Suppose -l - 4*r - 28 = -6*l, r = 3. Let o(w) = 9*w**3 - 4*w - 8*w**3 - 8*w**2 + w**2 - l + t*w**2. Give o(6).
4
Let u(s) = s**2 + 10*s + 3. Suppose 12*t + 2 + 106 = 0. Calculate u(t).
-6
Let r(v) be the third derivative of -v**5/60 - 5*v**4/12 - 5*v**3/3 - 20*v**2 + 3. Determine r(-7).
11
Let t be -7 + -1*(-4 - 8). Let w(s) = -s**2 + 6*s - 3. What is w(t)?
2
Suppose -3*t + 3 = 0, 2*j + t + 12 = 1. Let m(f) = -11 + 7*f**2 + 16 + 8*f + f**3 - 10 - 2*f. What is m(j)?
-5
Let w be 4*(-10 - -4)/(-6). Let t(p) = p + 4 - 3*p + p - p. Calculate t(w).
-4
Let l(f) = -f + 10. Let m be l(8). Let g(w) = w - w**3 + 3 + w**3 - m*w + w**3. What is g(0)?
3
Let x = 6 + -10. Let i(y) be the third derivative of -y**4/12 - y**3/2 - 871*y**2. Determine i(x).
5
Let t(z) be the first derivative of -z**2/2 + 2*z - 5. Let y be t(-6). Let n(o) = o**3 - 8*o**2 + 2*o - 7. What is n(y)?
9
Let c(i) = i**3 + 6*i**2 + 3*i + 13. Let n be c(-6). Let f(k) be the third derivative of -k**5/60 - 5*k**4/24 + 18*k**2 - k. Give f(n).
0
Let p(j) be the first derivative of -j**6/360 + j**5/24 + 7*j**4/24 - j**3/3 - 1. Let f(k) be the third derivative of p(k). Let s = 136 - 130. Determine f(s).
1
Let h(o) = -o**2 - 1 + 6*o + 0*o**2 + 2*o**2. Let b(s) be the first derivative of -5*s**2/2 + 12*s + 15. Let w be b(3). What is h(w)?
-10
Let b = 46 + -33. Let k(m) = b + 2*m - 6 - 11. Determine k(-3).
-10
Suppose 0 = 3*v - 2*v + 9*v. Let g(y) = -y + 33. Determine g(v).
33
Let m = -137 